he highest common factor of v and 15?
15
Let w(k) = k**2 + k - 15. Let o be w(10). Suppose -47*r + 19 = -46*r. Calculate the highest common factor of o and r.
19
Let b(q) = 6*q + 236. Let t be b(20). What is the highest common factor of t and 267?
89
Let b be 702/(2/1) - -1. Let i be (-189)/(-6) + (-4)/(-8). Calculate the greatest common factor of i and b.
32
Let p = 50 + -46. Let b be (-1 + -1 - -42)/(p - 3). Calculate the greatest common divisor of b and 20.
20
Let k(f) = -62*f + 1. Let s be k(-1). Suppose 19*c = -2*c + 441. What is the greatest common factor of c and s?
21
Let r be ((-396)/(-55))/((-6)/(-20)). What is the highest common factor of 64 and r?
8
Suppose 5*v + d = 9*v - 22, -5*d - 5 = v. Suppose -5*k - 20 - v = 0, -3*k - 120 = -3*b. Calculate the greatest common factor of b and 5.
5
Suppose 10017 = 28*t - 7*t. What is the highest common factor of 53 and t?
53
Let y be (-299)/(-7) + (-8)/140*-5. Let t = -20 + y. Calculate the highest common factor of 23 and t.
23
Let z(n) = -13*n + 62. Let u be z(2). Calculate the greatest common divisor of 192 and u.
12
Let k(d) = d**3 + 4*d**2 - 8*d - 10. Let w(t) = -t**3 - 9*t**2 - 9*t - 12. Let g be w(-8). Let r be k(g). Calculate the greatest common divisor of r and 2.
2
Suppose -17 + 2 = -3*b. Suppose 3*y - 1480 = b*k, 1480 = -3*k - 2*k - 2*y. Let c be (-12)/(-30) + k/(-10). What is the highest common divisor of 6 and c?
6
Let h be (-10)/(-35)*14 - 540/(-1). Calculate the highest common factor of h and 64.
32
Let h(x) = x + 31. Let t be h(-14). Calculate the greatest common divisor of t and 85.
17
Let v be (1 - 0)*10/2. Let z(c) be the first derivative of c**2 - 17*c - 19. Let g be z(9). What is the highest common divisor of v and g?
1
Let z(f) = -f + 11*f**2 - f**3 - 104 + 127 + 2*f - 13*f. Let l be z(7). Calculate the highest common factor of 90 and l.
45
Suppose -2*g = n + 122, 79 = -5*g - 2*n - 227. Let d = 75 + g. Calculate the greatest common factor of 117 and d.
13
Let w be 2/3*1*39. Let v = -713 + 727. Let q = w - v. Calculate the highest common factor of q and 108.
12
Let b = 0 - -6. Let i be 94/(-4) + b/12. Let j be i*(-6 + (6 - 2)). Calculate the highest common factor of 115 and j.
23
Let s(k) be the first derivative of -14*k**3/3 - 6*k - 4. Let d be s(3). Let y be (-2)/11 + (-1740)/d. What is the greatest common divisor of y and 39?
13
Let n be ((-6)/7)/((-6)/588). What is the highest common factor of 63 and n?
21
Let c = -1 + 4. Suppose -4*l - 516 = -c*j, j - 167 = -2*l + 5*l. Calculate the highest common factor of j and 11.
11
Suppose -27 = -z - i - 3, 0 = 3*z - 5*i - 32. Let j(r) = r**3 + 12*r**2 + 10*r + 8. Let s be j(-11). Calculate the greatest common factor of z and s.
19
Suppose 3*y - 524 = -4*o + y, 0 = -o - 3*y + 126. Calculate the highest common factor of o and 22.
22
Suppose -5*l = 5*z - 22 + 2, 0 = -2*l + 4*z - 4. Suppose 9 = 2*g + v, g + v - l*v - 6 = 0. Calculate the highest common factor of g and 15.
5
Let y(j) = -20*j - 144. Let d be y(-8). Let u = 33 + 95. What is the greatest common factor of u and d?
16
Let p = 2313 - 2311. What is the greatest common factor of p and 39?
1
Let b(f) = -5*f + 3. Let z be b(-5). Suppose 3*c + 178 + 176 = 0. Let v = 122 + c. What is the highest common factor of z and v?
4
Suppose -2*p + 0*l = -3*l - 1055, 3*p - 3*l - 1587 = 0. Let m = p + -298. What is the greatest common factor of m and 26?
26
Let b(h) = h**2 + 5*h + 1. Let d be b(-6). Let x be -2 - (-13)/((-65)/(-15)). What is the greatest common divisor of d and x?
1
Let f(o) = o**2 + 6*o. Let q be f(2). What is the highest common divisor of 496 and q?
16
Let m(d) = -6*d + 36 + 15*d**2 - 16*d**2 - 5*d + 7. Let k be m(-14). What is the greatest common divisor of k and 4?
1
Let f = 17 - 1. Suppose 2*a - 2 = -4*z, 2*z = a + a + 10. Suppose 0*j + z*j = 16. What is the highest common divisor of f and j?
8
Let w be (18/3)/((9/39)/1). Suppose m = 5*f - 395, -f - 5*m = -0*f - 53. What is the greatest common divisor of w and f?
26
Suppose -7*s = -2*s + 2*d - 295, 0 = -2*d + 10. Let w be 1114/10 - s/(-95). What is the greatest common divisor of 16 and w?
16
Suppose -2*n - 3 + 7 = -2*r, -4*r - 6 = -5*n. Let g = n + 3. Suppose 2*c + g = 7. What is the highest common factor of c and 33?
3
Let r = 679 + -283. What is the greatest common divisor of 297 and r?
99
Suppose 0 = 95*m - 114*m + 91656. Calculate the highest common divisor of m and 72.
72
Suppose 8*f + 3*y - 5 = 6*f, -3*f = 5*y - 7. Suppose 66 + 14 = f*z. Calculate the greatest common factor of 10 and z.
10
Suppose -2*i - 3*p = -1340, -2*p = 2*i - 988 - 356. What is the greatest common divisor of i and 104?
52
Let b be (-15)/4*48/(-9). Let q be 403 + 1 + -1*4. Suppose 7*v = 12*v - q. Calculate the greatest common divisor of b and v.
20
Suppose -5*b - 16 = y, 9*b = -4*y + 4*b - 4. Calculate the highest common factor of y and 26.
2
Let v(t) = -12 + 35*t - 14 + 19. Let p be v(5). What is the highest common factor of p and 21?
21
Let w = 142 + -113. Suppose -5 = -3*f - 23. Let k = w + f. What is the greatest common factor of 92 and k?
23
Let g(n) = n**2 - 13*n + 12. Let s be g(8). Let k = s - -134. Suppose 3*m - 35 - 50 = -4*l, -4*m + k = 5*l. Calculate the highest common factor of l and 11.
11
Let x be (0 + -39)*(-21 - -20). What is the greatest common divisor of x and 741?
39
Suppose -3*i = -2*i + 1. Let s(d) = -8*d. Let g be s(i). Let f = 573 - 565. Calculate the highest common divisor of g and f.
8
Suppose -4*l + 9*l - 19 = -q, 52 = 4*q - 4*l. Calculate the highest common factor of 287 and q.
7
Suppose -38 + 10 = 2*o. Let n = o + 58. What is the highest common factor of n and 110?
22
Let d(j) = 16*j**3 - 91*j**2 + 5*j + 4. Let b be d(6). What is the highest common factor of 6 and b?
2
Let u be (60/(-25))/((-6)/20). Let f(v) = v - 4. Let w be f(6). Suppose -u = -h - w. Calculate the highest common factor of h and 4.
2
Let v be 28/6*((-18)/(-12) + 6). What is the greatest common divisor of v and 630?
35
Let y(o) = o**3 - 15*o**2 - 10*o - 30. Let g be y(16). Let w be (-4 - 92/(-4)) + 3. What is the greatest common factor of g and w?
22
Suppose -3*w - 5*c - 12 = 0, -w = c + 6 - 2. Let s(a) = -5 + a**2 - 6*a + a + 3*a. Let i be s(w). What is the greatest common factor of 19 and i?
19
Let o = 22 - 39. Suppose 4*c = 5*i + 8*c - 163, i - 20 = -5*c. Let r = i + o. What is the greatest common factor of r and 54?
18
Let p be 1 - (-4)/((-28)/21). Let b(r) = 0*r + 0 + 2 + 7*r**2 + r. Let u be b(p). What is the highest common factor of 168 and u?
28
Let t(k) = 2*k**2 - 23*k + 87. Let i be t(9). What is the greatest common divisor of 147 and i?
21
Let z(r) = 3*r**2 - 14*r + 35. Let m be z(5). Let j(n) = n**2 + 11*n + 8. Let y be j(13). What is the highest common divisor of y and m?
40
Let o be (2/6)/((-3)/(-9*11)). Suppose -3*t + o = -43. What is the highest common divisor of 108 and t?
18
Suppose 0 = 2*w + 2 - 22. Let v(d) = 1 - 9*d**2 - 5*d**3 + 9*d**3 - 3*d**3 - 9*d. Let t be v(w). What is the highest common factor of t and 1?
1
Suppose 4*p = 4*q - q - 28, 5*p = -20. Suppose a = v - 1, 4*v + q*a + 12 = 48. Calculate the highest common divisor of v and 45.
5
Let l = -106 - -49. Let f = l + 61. What is the greatest common divisor of f and 16?
4
Let h = 35 - 24. Suppose -9*w - 8 = -h*w. Suppose -3*v = -8*v - 4*g + 60, -w*v - g = -48. What is the greatest common factor of 12 and v?
12
Let x(d) = 56*d**2 + 2*d - 2. Let k be (-3 + 4 + (1 - 3))/(-1). Let w be x(k). Calculate the highest common factor of w and 14.
14
Let c be ((-18)/10)/(3/(-15)). Let u = c + -8. Calculate the highest common divisor of u and 9.
1
Let o be (-4352)/12 + 1/(-3). Let g = -211 - o. Suppose 2*m + 5*q - q - g = 0, -5*m + 356 = -2*q. Calculate the highest common factor of 18 and m.
18
Let o(h) = -2*h**2 - h**3 + 2 + 4*h - 2. Let z(y) = -y + 5. Let n be z(9). Let s be o(n). Calculate the highest common factor of s and 112.
16
Suppose 2*i - 3*i - 10 = 0. Let b be (-9 - i)*7*14. What is the greatest common divisor of b and 14?
14
Suppose 0 = -3*k - 4*i + 212, -k + 10 = -5*i - 48. What is the highest common factor of k and 136?
68
Let x be (6/(-5))/(9/(-60)). Suppose 9*p - 12*p = -87. Suppose -5*y + 91 = -p. Calculate the highest common factor of x and y.
8
Let b = 13 + -10. 